common factor of 30 and t.
30
Suppose -3*l - 1 = 5*s, -2*s + 8 = -4*l - 2. Let k be ((-6)/12 + s)*26. Calculate the highest common divisor of k and 650.
13
Suppose -2*d = -2*t - 20, -18*t = -d - 22*t + 20. Calculate the highest common divisor of d and 822.
6
Suppose -190*v + 42 = -187*v. Suppose -2017 + 8513 = v*g. What is the highest common factor of 16 and g?
16
Suppose -88*c + 1034 = -638. What is the greatest common divisor of c and 29?
1
Let j(n) = n**2 - 10*n + 0 - 61 - 2. Let k be j(15). Let d = -77 + 233. What is the highest common factor of k and d?
12
Suppose -11 = -4*q + 5*t, 0 = 5*q + 7*t - 5*t + 11. Let a be 1330/60 + q/6. Let g be 2*-2*a/(-4). What is the greatest common divisor of g and 44?
22
Let g(x) = x**3 - 23*x**2 - 328*x - 3. Let s be g(33). Let w(f) = 21*f**2 - f - 2. Let l be w(-2). Calculate the greatest common divisor of l and s.
21
Let l be (-1148)/(-10) + 164/(-205). What is the highest common divisor of 11894 and l?
38
Suppose -5*d + 6*d - 3 = 0. Let j be 0*(-3)/(-9)*d/(-6). Suppose 3*u + 30 = 3*v, 0 = -2*v - j*v - 2*u + 16. What is the greatest common factor of v and 99?
9
Suppose -115*u - 3*j - 162 = -116*u, -2*j = 10. Calculate the highest common factor of 714 and u.
21
Suppose -2 = 5*n + g, 2 + 4 = -3*g. Let t be (32/(-12) + n)*-9 - 0. Suppose -5*l + l = -t. Calculate the greatest common factor of l and 3.
3
Let y = 111 - -69. Let r = y - 162. Calculate the highest common factor of 72 and r.
18
Let h(i) = -19*i**3 - 79*i - 206. Let d be h(-3). Suppose 5*j - 49 = 36. Calculate the highest common factor of d and j.
17
Let l = 76 - 68. Let o(j) = -144*j**3 + 1. Let w be o(1). Let x = w + 279. What is the greatest common factor of l and x?
8
Let x(z) = z**3 + 100*z**2 - 526*z + 282. Let l be x(-105). Let s(y) = y**2 - 6. Let t be s(7). Calculate the greatest common factor of l and t.
43
Let y = -12 - -35. Let o be -2*1*y/(-2). Let q = 954540 - 954425. Calculate the greatest common factor of o and q.
23
Let y be -4 - (20 - -3 - 7)/(1*-1). What is the greatest common factor of 2004 and y?
12
Let f be 469*15/315*(2 - -1). What is the highest common factor of 3350 and f?
67
Let v(b) = b**2 - b + 41. Let t be v(0). Let i be 6*(8323/(-348))/(21/(-6)). What is the highest common divisor of i and t?
41
Let u = 10073 - 9808. Let n be ((-2)/(-4))/(1/212). What is the highest common divisor of u and n?
53
Let k be ((-7)/3)/((-7)/651). Let g be 6*7/105 - (-347)/(-5). Let y = g - -100. Calculate the greatest common divisor of y and k.
31
Suppose 23508 + 13936 = 47*b - 3*b. What is the greatest common divisor of 276 and b?
23
Let h be (-69)/((-8)/6 - (-14)/24). Suppose 4*b - 10*v = -6*v + 532, 0 = 5*v - 25. What is the greatest common factor of h and b?
46
Suppose -3*q = 3*v + 3, -4*v = 8 + 12. Suppose n + 3 = s, -q*s - 3*n = -5*s + 7. What is the greatest common factor of 1 and s?
1
Let m = 2178 + -2088. What is the highest common divisor of m and 11520?
90
Suppose -54*h + 114*h = 58*h + 135384. What is the greatest common divisor of h and 12?
12
Let q(c) = 26*c**2 - 4*c - 3. Let o be q(-4). Let u be (-5)/((-25)/(-45)) + 3. Let a be 5734/141 - (-10)/u. Calculate the greatest common divisor of a and o.
39
Let f = -878 + 883. Suppose 0 = -f*c - 2*h + 340, 3*h = -h + 20. What is the greatest common factor of 78 and c?
6
Let w be (0 + 24/(-6))/((-3)/6). Suppose 434 = -w*u + 538. What is the greatest common divisor of u and 1378?
13
Let d be (1068/20)/((-2)/(-260)*2). Calculate the highest common factor of d and 273.
39
Let i(q) = 8*q + 15. Let b be i(4). Let w be b/(-2 - (1 - 0)*-3). Calculate the greatest common factor of w and 2.
1
Let t(g) = g + 9. Let o be t(-7). Let c(i) = i**2 - 5*i - 58. Let l be c(-18). Let b = l + -346. What is the greatest common factor of b and o?
2
Let t be 3 - ((-2)/1 - -1). Let y = 112 + -114. Let n be 2 - (6 - 18)*y/(-4). Calculate the highest common factor of n and t.
4
Let q be 1*(2 - (3 + -4)). Let c = 5 - q. Suppose m = g - 3, -c = -2*g + 3*m + 5. What is the highest common factor of g and 2?
2
Suppose 0 = 6*f - f + 4*w - 141, -3*w = -12. Let a be 18130/(-50) - -3*(-4)/30. Let b = -238 - a. What is the greatest common divisor of f and b?
25
Suppose 2*i - 9*z + 0*z = 0, -4*z - 57 = -3*i. Let g be 7*1 + -5 + 7. Calculate the highest common divisor of g and i.
9
Let t(v) = -3*v - 3. Let d(i) = -2*i + 1. Let o be d(1). Let b be t(o). Suppose -10*s + 3*s + 168 = b. What is the highest common factor of s and 96?
24
Let x(l) = l**2 + 25*l + 145. Let a be x(-10). Let v be a/(-2)*288/120. Calculate the greatest common factor of v and 78.
6
Suppose 5*f + 502 = 4*l, 0 = -23*f + 19*f + 8. What is the highest common factor of 736 and l?
32
Let f(z) = 473*z + 554. Let y be f(-1). Calculate the greatest common factor of y and 6.
3
Let o(h) = 7 - h - 6 - 3*h + 15*h. Let t be o(4). Suppose -2*s + 0*j = -j - t, s - 2*j - 24 = 0. What is the highest common factor of s and 33?
11
Let k(d) = 177*d - 340. Let q be k(2). Calculate the highest common divisor of q and 9723.
7
Let r = 2644 - 2561. Calculate the highest common divisor of 332 and r.
83
Let k(t) = -14*t - 138. Let d(p) = 10*p - 171. Let r be d(16). Let n be k(r). Calculate the highest common factor of 76 and n.
4
Let x = 243 - 243. Suppose x = -5*r - 5*z + 1420, -1436 = -25*r + 20*r + 3*z. Calculate the highest common factor of 26 and r.
26
Let p be (-21)/3*(-110)/14. Suppose -5*k = p - 360. What is the highest common factor of 305 and k?
61
Suppose -21*x + 9082 - 2656 = 0. Calculate the greatest common divisor of x and 216.
18
Suppose -8679*r = -8743*r + 2880. Let g be (4/(-5))/((-3)/15). Suppose g*f + 0*f + 3*k - 45 = 0, -2*f = k - 21. What is the greatest common divisor of r and f?
9
Let s be (-38)/(1350/80 + -17). What is the greatest common divisor of s and 2394?
38
Let k = 221 + 1508. What is the highest common factor of 65 and k?
13
Let k(d) = -474*d - 2232. Let w be k(-18). What is the highest common divisor of w and 54?
18
Let z = 119 - 115. Suppose 2*s - 1350 = -z*s. Let x(p) = -4*p**3 - 2*p**2 + 1. Let o be x(-2). What is the greatest common factor of s and o?
25
Suppose 168 = -4*t - 36. Let d = -36 - t. Suppose 7*u - 744 + 324 = 0. Calculate the highest common divisor of u and d.
15
Let u = 123 - 131. Let v be -4*(u + (-2 - 14)). What is the greatest common factor of v and 416?
32
Let w = -56 - -58. Let o(c) = -2 + w*c - 9*c - 8*c - 3. Let z be o(-6). Calculate the greatest common divisor of z and 17.
17
Let l = 19447 - 19395. What is the greatest common divisor of l and 13?
13
Let o = 2059 - 2035. Suppose -4*u + n = -6*u + 2830, 2*n = -5*u + 7076. What is the greatest common divisor of o and u?
24
Let n = 10569 + -9073. Calculate the highest common factor of 55 and n.
11
Let v(f) = -860*f + 966. Let o be v(-34). What is the greatest common factor of 22 and o?
22
Let b(r) = 24*r**2 + 4*r + 87. Let x be b(-15). What is the greatest common divisor of 54 and x?
27
Suppose 2136 = 12*q + 432. Suppose 133*p - q*p = -432. Calculate the greatest common factor of p and 6.
6
Let u = -13662 - -13834. Calculate the greatest common divisor of 27090 and u.
86
Let a = -27 - -56. Suppose -464 = -4*q + 2*q. Calculate the greatest common factor of a and q.
29
Let y = -13578 + 14133. Calculate the greatest common factor of 45 and y.
15
Let u = -106 + 153. Let m = u - 0. Let j = -39 + m. Calculate the highest common factor of 88 and j.
8
Suppose 32*s = -1336 + 2744. Let z(p) = p**2 + 3*p + 4. Let o be z(-8). What is the highest common factor of s and o?
44
Let l be (4/(-14))/(8/(-2 - 446)). What is the highest common factor of l and 632?
8
Suppose 949*r - 958*r = 54. Let b be (-116)/r + (-40)/120. Calculate the greatest common divisor of 703 and b.
19
Let p(v) = -7*v**2 - 2*v**3 - 4*v**2 - 4*v**3 + 16*v - 15 + 7*v**3. Let c be p(10). Let x = c + 15. What is the highest common factor of x and 24?
12
Let p be (4 - 2/(-3)*-22)/((-6)/585). What is the greatest common divisor of p and 144?
16
Let h = 107 - -26. Let g be 285/h + (-2)/14. What is the greatest common factor of 15 and g?
1
Let k = -100 - -106. Suppose -10*b - k + 26 = 0. Suppose -5*d + 17 = w, 0 = -2*w + 3*d - b - 3. Calculate the greatest common factor of 2 and w.
2
Let f(k) = -k + 29. Suppose -14*z + 9